264600 (base 7) in base 14?
4986a7
111125233 (base 6) to base 5
1004031444
What is -95360 (base 16) in base 6?
-21033252
-767c72 (base 16) to base 4
-131213301302
-12232333030 (base 4) to base 9
-3280511
-270961 (base 10) to base 3
-111202200121
2104346 (base 7) to base 14
68626
What is 25763787 (base 9) in base 8?
60273035
Convert -166552 (base 11) to base 7.
-2121601
What is -354163 (base 8) in base 13?
-43088
What is 10610242 (base 9) in base 16?
4e7dd8
-43130100 (base 5) to base 15
-72e85
What is 10100001000110000000 (base 2) in base 4?
2201012000
-33155205 (base 7) to base 14
-54423c
-1000111012102112 (base 3) to base 9
-30435375
131241 (base 5) to base 2
1010001001100
What is -627b3 (base 12) in base 2?
-11111011111110111
What is -4714305 (base 10) in base 13?
-c90a3b
Convert 1454463 (base 7) to base 16.
3075f
What is 811427 (base 13) in base 12?
10091ab
701196 (base 11) to base 2
100010011100111010010
What is 1022012221022211 (base 3) in base 9?
38187284
What is bdca2 (base 15) in base 6?
20534242
What is 319a834 (base 11) in base 16?
55c83a
-1143637 (base 10) to base 2
-100010111001101010101
Convert 3619a0 (base 11) to base 8.
2140131
604701 (base 8) to base 3
101010010021
-2586770 (base 9) to base 8
-5314703
Convert 132030221 (base 6) to base 5.
1132213314
Convert -10100000001111111 (base 2) to base 15.
-1949c
-217875 (base 12) to base 6
-15221425
What is 22221272 (base 8) in base 12?
17318a2
Convert 73715 (base 11) to base 12.
52153
Convert 10201122210 (base 3) to base 14.
1ca56
What is -10253065 (base 8) in base 7?
-24366361
71745 (base 8) to base 10
29669
Convert -51cb84 (base 14) to base 10.
-2762736
What is 1111111101110110100 (base 2) in base 14?
d8948
Convert -5ee40 (base 15) to base 16.
-4a1e1
What is -10100011110011111101 (base 2) in base 10?
-670973
Convert -124402210 (base 5) to base 7.
-5200636
1000010110110001000011 (base 2) to base 8
10266103
Convert 1123314 (base 7) to base 9.
233580
Convert -17a64b (base 13) to base 2.
-10010001000101011011
Convert -11202022122000 (base 3) to base 12.
-a19783
46650 (base 12) to base 7
541512
Convert cfd270 (base 16) to base 11.
7762859
What is 102133642 (base 7) in base 5?
3020303322
What is -14120904 (base 10) in base 12?
-488b9a0
Convert -12233746 (base 8) to base 2.
-1010010011011111100110
What is -999996 (base 11) in base 8?
-6052041
bb865b (base 12) to base 10
2980007
Convert 2cc9d2 (base 15) to base 12.
887238
Convert 20332413 (base 5) to base 9.
275228
What is -1320368 (base 9) in base 11?
-453508
-1172438 (base 9) to base 5
-130410414
What is 221905 (base 15) in base 16?
18cd3d
What is -85480 (base 10) in base 6?
-1455424
What is 8199d (base 16) in base 5?
113441340
What is 14026457 (base 8) in base 10?
3157295
What is -116a69a (base 11) in base 3?
-10211100221200
Convert -c8979 (base 16) to base 9.
-1482046
What is -36176b (base 12) in base 7?
-10266215
103510530 (base 6) to base 15
26b173
What is 94594 (base 10) in base 3?
11210202111
130011203 (base 4) to base 10
115043
14a917 (base 16) to base 6
45004315
Convert 1431030324 (base 5) to base 14.
701057
100001000010111111010101 (base 2) to base 13
1a44145
-20220010022101 (base 3) to base 14
-6b5111
Convert 6830d (base 15) to base 5.
41101223
What is -444993 (base 13) in base 5?
-403003340
25a6619 (base 11) to base 12
1612253
What is 14e412 (base 16) in base 15?
1c09db
320445 (base 6) to base 3
1022210102
What is -12031011 (base 5) in base 16?
-1b315
What is -43070 (base 10) in base 15?
-cb65
11011001022 (base 3) to base 4
103330103
17626 (base 15) to base 4
102131310
What is -15321305 (base 6) in base 2?
-10000011101101001001
What is -29659 (base 10) in base 2?
-111001111011011
Convert a9988 (base 12) to base 13.
7b13a
Convert -782a6 (base 12) to base 13.
-5771a
-2131422441 (base 5) to base 6
-241431420
What is -533e2 (base 15) in base 2?
-1000000011111001001
-801135 (base 9) to base 13
-137528
Convert 227040 (base 9) to base 15.
2a609
Convert 215a32 (base 15) to base 9.
2881062
What is -11b21 (base 13) in base 15?
-9a14
-553d0f (base 16) to base 11
-3175a96
What is -1125528 (base 9) in base 8?
-2242710
Convert 4a2468 (base 16) to base 15.
65ea74
Convert 141288 (base 9) to base 10.
86264
Convert -8851aa (base 13) to base 5.
-1310211001
-2001102122000 (base 3) to base 7
-12162612
172073 (base 13) to base 14
10db40
What is 7566654 (base 8) in base 16?
1eedac
Convert -202013230 (base 4) to base 11.
-96001
Convert -43503030 (base 6) to base 8.
-4751472
Convert 1444221 (base 6) to base 4.
110132311
-202021020 (base 4) to base 9
-232746
Convert -123408 (base 11) to base 3.
-100220020111
-131745 (base 8) to base 12
-22799
Convert 1011010111111100111011 (base 2) to base 14.
57889d
Convert 3642233 (base 8) to base 10.
1000603
-199393d (base 14) to base 6
-1132431255
-2f701a (base 16) to base 13
-84b0a5
What is -28faa9 (base 16) in base 4?
-22033222221
26422 (base 8) to base 6
125230
Convert 1d1786 (base 14) to base 3.
1221220121211
What is -107085 (base 10) in base 3?
-12102220010
Convert -c3230 (base 15) to base 16.
-96e88
-1060655 (base 9) to base 3
-1002000201212
Convert -1304610 (base 11) to base 12.
-91039b
Convert -48803a (base 13) to base 12.
-6b5a99
-8057742 (base 9) to base 12
-152a7b5
Convert -10011002012221 (base 3) to base 5.
-412042143
-422aa (base 12) to base 4
-111030202
What is 560138 (base 11) in base 4?
3122011033
What is -5302521 (base 6) in base 13?
-90112
What is 7701131 (base 8) in base 10?
2064985
7cb471 (base 13) to base 9
5521513
Convert 30559b (base 12) to base 5.
143142400
What is -290685 (base 11) in base 10?
-454690
What is -32211220 (base 5) in base 2?
-1000010100100101101
Convert 52672 (base 12) to base 5.
11424321
223a4e (base 16) to base 11
12a2348
25152012 (base 8) to base 14
a49db4
-12764756 (base 8) to base 4
-22332213232
Convert 11001001100110101001011 (base 2) to base 10.
6606155
10103020302 (base 4) to base 15
173dac
-3a8086 (base 16) to base 15
-50aee5
Convert 13252014 (base 7) to base 10.
1222806
7c9549 (base 13) to base 4
23103100132
What is 123022 (base 4) in base 5?
23423
164772 (base 8) to base 6
1141150
173b8f (base 16) to base 4
11303232033
-12226356 (base 7) to base 14
-20899d
What is 17303078 (base 9) in base 2?
100001000111101111011101
What is -29c616 (base 16) in base 14?
-5139b0
What is 113023003 (base 4) in base 8?
271303
What is -5976211 (base 10) in base 13?
-1313227
Convert -10000101000100000 (base 2) to base 13.
-25018
Convert aa81 (base 12) to base 13.
8746
-201112122222 (base 3) to base 8
-1357234
What is 3337a (base 15) in base 8?
475746
Convert -238eab (base 16) to base 4.
-20320322223
What is -200010212010102 (base 3) in base 5?
-4432014341
Convert 10418 (base 9) to base 10.
6902
Convert -266d (base 16) to base 12.
-5839
What is 111111010100110011011 (base 2) in base 8?
7724633
Convert -54325131 (base 6) to base 8.
-6117057
e59dc (base 16) to base 11
592688
2232133300 (base 4) to base 3
1100022102201
-1011101011011010 (base 2) to base 3
-2102121122
What is 165426 (base 10) in base 2?
101000011000110010
391a51 (base 12) to base 2
11100100100110011101
10100100110001 (base 2) to base 10
10545
113320312033 (base 4) to base 14
b901b1
What is 95071 (base 10) in base 2?
10111001101011111
What is 30230113 (base 5) in base 10?
242533
What is -7700b6 (base 14) in base 12?
-1426494
-96b16 (base 12) to base 16
-307c2
-cad7 (base 15) to base 6
-530504
What is -1c186 (base 13) in base 9?
-83647
What is 101001010001011010 (base 2) in base 6?
3342350
-24b73 (base 13) to base 8
-204427
Convert -1552630 (base 8) to base 2.
-1101101010110011000
Convert -159539 (base 10) to base 4.
-212330303
What is -111000000010001011101 (base 2) in base 13?
-4c3985
-313411 (base 9) to base 13
-669c4
Convert -49616 (base 10) to base 4.
-30013100
Convert 1231865 (base 9) to base 7.
5462162
-21561373 (base 8) to base 16
-46e2fb
What is 13303302 (base 5) in base 9?
224847
What is -17a19 (base 14) in base 8?
-164327
Convert -10612 (base 12) to base 9.
-32575
-6b1926 (base 16) to base 3
-111012120222012
230020223130 (base 4) to base 3
210202210220020
What is -10000110010110110 (base 2) in base 16?
-10cb6
Convert -2a3705 (base 16) to base 2.
-1010100011011100000101
What is -24343114 (base 5) in base 13?
-8120b